lculate the remainder when 316531 is divided by 21.
19
Calculate the remainder when 1111 is divided by 408.
295
What is the remainder when 2580 is divided by 135?
15
What is the remainder when 3182 is divided by 3?
2
Calculate the remainder when 1514 is divided by 9.
2
What is the remainder when 169784 is divided by 566?
550
What is the remainder when 22999 is divided by 79?
10
Calculate the remainder when 3469493 is divided by 95.
93
Calculate the remainder when 13724 is divided by 183.
182
What is the remainder when 15078 is divided by 289?
50
What is the remainder when 15225 is divided by 3043?
10
Calculate the remainder when 11748 is divided by 113.
109
What is the remainder when 37663 is divided by 22?
21
Calculate the remainder when 1394 is divided by 854.
540
Calculate the remainder when 23131 is divided by 491.
54
What is the remainder when 5451 is divided by 158?
79
Calculate the remainder when 322908 is divided by 705.
18
What is the remainder when 9074937 is divided by 62?
59
Calculate the remainder when 45300 is divided by 10.
0
What is the remainder when 4644 is divided by 1266?
846
What is the remainder when 8645 is divided by 72?
5
Calculate the remainder when 2079650 is divided by 593.
592
Calculate the remainder when 2490 is divided by 897.
696
What is the remainder when 258229 is divided by 155?
154
What is the remainder when 17437 is divided by 450?
337
Calculate the remainder when 839 is divided by 63.
20
What is the remainder when 16050 is divided by 12?
6
What is the remainder when 63530 is divided by 21120?
170
Calculate the remainder when 659 is divided by 429.
230
What is the remainder when 3793 is divided by 210?
13
Calculate the remainder when 113889 is divided by 12.
9
Calculate the remainder when 292487 is divided by 465.
2
Calculate the remainder when 416 is divided by 183.
50
What is the remainder when 1790 is divided by 1210?
580
Calculate the remainder when 127719 is divided by 206.
205
Calculate the remainder when 11994 is divided by 3968.
90
What is the remainder when 5140 is divided by 1701?
37
Calculate the remainder when 5260 is divided by 5256.
4
What is the remainder when 30739 is divided by 145?
144
What is the remainder when 1320141 is divided by 168?
165
Calculate the remainder when 3685 is divided by 796.
501
Calculate the remainder when 118222 is divided by 9094.
0
Calculate the remainder when 176433 is divided by 3207.
48
Calculate the remainder when 12273 is divided by 2040.
33
What is the remainder when 5129 is divided by 1281?
5
Calculate the remainder when 68815 is divided by 19.
16
What is the remainder when 614685 is divided by 17?
16
What is the remainder when 8957 is divided by 1110?
77
Calculate the remainder when 2703410 is divided by 20.
10
What is the remainder when 178707 is divided by 14?
11
What is the remainder when 8138 is divided by 739?
9
Calculate the remainder when 8852 is divided by 97.
25
Calculate the remainder when 95977 is divided by 4798.
17
Calculate the remainder when 10268 is divided by 37.
19
Calculate the remainder when 757 is divided by 201.
154
Calculate the remainder when 2205 is divided by 762.
681
What is the remainder when 10227 is divided by 67?
43
What is the remainder when 4891 is divided by 158?
151
Calculate the remainder when 2062 is divided by 1377.
685
What is the remainder when 47573 is divided by 5285?
8
Calculate the remainder when 1609 is divided by 1468.
141
What is the remainder when 24096 is divided by 109?
7
What is the remainder when 59545 is divided by 50?
45
What is the remainder when 31652 is divided by 119?
117
What is the remainder when 557 is divided by 479?
78
What is the remainder when 624460 is divided by 312230?
0
What is the remainder when 22302 is divided by 186?
168
What is the remainder when 9221 is divided by 142?
133
What is the remainder when 3216 is divided by 53?
36
What is the remainder when 11676 is divided by 35?
21
What is the remainder when 162059 is divided by 67?
53
Calculate the remainder when 72000 is divided by 452.
132
What is the remainder when 2692281 is divided by 84?
81
What is the remainder when 2146 is divided by 182?
144
Calculate the remainder when 7624 is divided by 79.
40
Calculate the remainder when 2273 is divided by 143.
128
What is the remainder when 15676 is divided by 560?
556
Calculate the remainder when 3955 is divided by 24.
19
What is the remainder when 10572 is divided by 3394?
390
What is the remainder when 19139 is divided by 13?
3
Calculate the remainder when 86188 is divided by 6154.
32
Calculate the remainder when 2377018 is divided by 1374.
1372
What is the remainder when 6256 is divided by 1250?
6
What is the remainder when 17531 is divided by 3504?
11
Calculate the remainder when 144871 is divided by 13164.
67
Calculate the remainder when 11005 is divided by 86.
83
Calculate the remainder when 5716 is divided by 414.
334
Calculate the remainder when 283979 is divided by 10.
9
Calculate the remainder when 10242 is divided by 310.
12
Calculate the remainder when 418266 is divided by 72.
18
What is the remainder when 7626 is divided by 477?
471
What is the remainder when 23553 is divided by 138?
93
What is the remainder when 671552 is divided by 261?
260
What is the remainder when 5309 is divided by 2640?
29
Calculate the remainder when 35398 is divided by 3932.
10
Calculate the remainder when 817 is divided by 78.
37
What is the remainder when 35170 is divided by 82?
74
What is the remainder when 178 is divided by 115?
63
What is the remainder when 64404 is divided by 16094?
28
What is the remainder when 1706 is divided by 137?
62
Calculate the remainder when 393623 is divided by 34.
5
What is the remainder when 18872 is divided by 111?
2
What is the remainder when 138889 is divided by 99?
91
What is the remainder when 7945 is divided by 574?
483
Calculate the remainder when 10277 is divided by 1462.
43
What is the remainder when 2009 is divided by 175?
84
What is the remainder when 469086 is divided by 78?
72
What is the remainder when 610917 is divided by 76357?
61
Calculate the remainder when 2422 is divided by 1185.
52
What is the remainder when 2671 is divided by 2607?
64
What is the remainder when 2399 is divided by 341?
12
What is the remainder when 702 is divided by 516?
186
What is the remainder when 26825 is divided by 3832?
1
What is the remainder when 33235 is divided by 131?
92
What is the remainder when 87714 is divided by 122?
118
What is the remainder when 29987 is divided by 21?
20
Calculate the remainder when 599 is divided by 48.
23
What is the remainder when 279368 is divided by 910?
908
What is the remainder when 8758 is divided by 1459?
4
What is the remainder when 82134 is divided by 20533?
2
What is the remainder when 31518 is divided by 44?
14
What is the remainder when 24805 is divided by 14?
11
What is the remainder when 592765 is divided by 873?
871
Calculate the remainder when 49512 is divided by 10.
2
Calculate the remainder when 14894 is divided by 1857.
38
What is the remainder when 67536 is divided by 44?
40
Calculate the remainder when 10116 is divided by 1011.
6
Calculate the remainder when 8736972 is divided by 261.
258
Calculate the remainder when 82228 is divided by 8.
4
What is the remainder when 4654 is divided by 1103?
242
What is the remainder when 3461672 is divided by 655?
652
What is the remainder when 60965 is divided by 10?
5
What is the remainder when 3997 is divided by 507?
448
Calculate the remainder when 25000 is divided by 861.
31
Calculate the remainder when 4855 is divided by 45.
40
Calculate the remainder when 629575 is divided by 262.
251
Calculate the remainder when 112702 is divided by 183.
157
What is the remainder when 22045 is divided by 272?
13
What is the remainder when 138647 is divided by 46205?
32
What is the remainder when 566674 is divided by 80953?
3
Calculate the remainder when 2686 is divided by 1103.
480
What is the remainder when 5061778 is divided by 183?
181
What is the remainder when 11338958 is divided by 80?
78
Calculate the remainder when 9387 is divided by 2346.
3
What is the remainder when 2822 is divided by 1422?
1400
What is the remainder when 22619 is divided by 116?
115
Calculate the remainder when 4